**3 + 14*u**2 + 15*u + 15. Determine q(-13).
-11
Let j(i) = i**2 - 8*i - 8. Determine j(8).
-8
Let d(l) = 7*l - 8. Determine d(2).
6
Let n(u) = -u**3 + 19*u**2 - 12*u - 38. Give n(18).
70
Let k(z) = -z + 17. Calculate k(6).
11
Let g(h) = 3*h**2 - 9*h - 5. Calculate g(5).
25
Let c(n) = -n**2 + 4*n + 10. Give c(5).
5
Let z(n) = 48*n + 11. Give z(-2).
-85
Let r(i) = -i**3 + 17*i**2 + 6*i - 105. Determine r(17).
-3
Let m(s) = -7*s**2 + 5*s + 23. Give m(-3).
-55
Let d(s) = -s**3 + 7*s**2 + 2*s + 6. Calculate d(7).
20
Let q(x) = -14*x**2 - 15*x - 13. What is q(-1)?
-12
Let f(l) = 7*l - 73. Calculate f(12).
11
Let l(h) = 5*h - 8. Give l(-1).
-13
Let n(i) = i**2 + 9*i + 7. Calculate n(-6).
-11
Let j(u) = -u**2 - 6. Determine j(6).
-42
Let h(l) = -5*l + 113. What is h(24)?
-7
Let i(y) = -14*y - 14. Determine i(8).
-126
Let n(v) = v**3 - 14*v + 4. Calculate n(4).
12
Let v(r) = -7*r - 5. Determine v(-4).
23
Let z(m) = m**3 + 11*m**2 + 11*m - 14. Calculate z(-10).
-24
Let t(v) = v**2 + 8*v + 4. Give t(-8).
4
Let d(o) = -3*o + 2. Give d(2).
-4
Let s(o) = -o**2 + 8*o + 41. Determine s(12).
-7
Let x(p) = 6*p - 76. Give x(12).
-4
Let u(h) = -h**3 - 9*h**2 - 6*h - 36. Calculate u(-9).
18
Let a(i) = i**2 + 11*i + 15. Calculate a(-10).
5
Let g(n) = -n**3 - 11*n**2 - 12*n + 2. Determine g(-10).
22
Let z(m) = 3*m + 9. Calculate z(-7).
-12
Let r(b) = b**3 - 14*b**2 + 11*b + 24. Give r(13).
-2
Let z(a) = -a**3 - 4*a**2 + 6*a + 20. Determine z(-4).
-4
Let y(o) = o**2 - 15*o + 40. What is y(14)?
26
Let x(p) = -2*p**2 - 44*p + 96. Give x(-24).
0
Let p(k) = 4*k - 27. What is p(8)?
5
Let b(s) = -s**3 + 8*s**2 + s - 8. What is b(8)?
0
Let m(l) = -4*l + 25. Determine m(6).
1
Let z(l) = 8*l - 14. Give z(2).
2
Let v(q) = -8*q - 14. What is v(-8)?
50
Let l(k) = k**3 - 6*k**2 + k - 7. Calculate l(5).
-27
Let c(j) = j**3 - 9*j**2 + 5*j - 5. Give c(4).
-65
Let l(u) = u**3 + 5*u**2 + 4*u + 12. What is l(-5)?
-8
Let z(l) = l**2 - 9*l - 8. What is z(9)?
-8
Let x(v) = -v**2 + 8*v + 64. What is x(-5)?
-1
Let q(f) = -6*f + 5. Calculate q(12).
-67
Let n(p) = -7*p - 1. Determine n(1).
-8
Let i(f) = f**3 - f**2 - f + 41. Calculate i(0).
41
Let c(s) = 3*s - 3. What is c(2)?
3
Let z(b) = -2*b**3 + 6*b**2 + 9*b + 3. Determine z(4).
7
Let l(n) = n**3 + 6*n**2 - n - 14. Give l(-6).
-8
Let v(f) = f**3 + 5*f**2 - 5*f - 9. Calculate v(-6).
-15
Let m(l) = l**3 - 16*l**2 + 28*l - 6. Give m(14).
-6
Let n(g) = g - 16. Give n(17).
1
Let j(o) = -2*o**3 + 9*o - 2. Calculate j(3).
-29
Let w(g) = g**3 - 8*g**2 + 3. Give w(8).
3
Let a(t) = t**3 - 8*t**2 - 11*t + 8. Give a(9).
-10
Let i(m) = m + 7. What is i(5)?
12
Let w(o) = -o**3 + 3*o**2 + 7*o - 2. Give w(2).
16
Let o(a) = -a**3 - 25*a**2 - a - 21. What is o(-25)?
4
Let c(l) = -l**3 - 9*l**2 + 10. Calculate c(-9).
10
Let b(w) = -65*w + 911. Give b(14).
1
Let l(a) = -4*a - 5. Calculate l(-3).
7
Let j(c) = c**3 - 9*c**2 - 8*c - 19. Determine j(10).
1
Let k(o) = -6*o + 5. Calculate k(-4).
29
Let c(l) = 53*l + 50. Calculate c(-1).
-3
Let w(y) = 40*y + 474. Determine w(-12).
-6
Let v(h) = 4*h**2 + h + 3. Determine v(0).
3
Let i(r) = r**3 + 7*r**2 + 10*r + 78. What is i(-7)?
8
Let z(s) = s**3 - 16*s**2 - 19*s + 35. Determine z(17).
1
Let z(n) = -n**3 - 5*n**2 - 4. Determine z(-5).
-4
Let f(p) = -p**3 - 10*p**2 + 14. Give f(-10).
14
Let p(n) = 11*n - 29. Calculate p(13).
114
Let n(g) = -g + 3. Give n(6).
-3
Let i(w) = 2*w**2 - 3*w - 7. Give i(4).
13
Let x(m) = -m + 7. Calculate x(-3).
10
Let m(n) = n**3 - 4*n**2 - 9*n - 20. What is m(6)?
-2
Let z(c) = -10*c - 25. What is z(-3)?
5
Let w(z) = z**3 - 3*z**2 - 7*z + 5. What is w(4)?
-7
Let j(w) = -2*w**2 + 5*w - 19. Determine j(7).
-82
Let a(i) = 2*i - 7. Give a(9).
11
Let w(v) = v**3 + 15*v**2 - 3*v - 10. Give w(-15).
35
Let p(o) = 2*o**2 + o + 1. What is p(4)?
37
Let j(l) = 47*l + 335. What is j(-7)?
6
Let k(x) = -x - 8. What is k(-8)?
0
Let p(c) = -25*c. Determine p(1).
-25
Let j(o) = -10*o**2 - 20*o + 21. Give j(1).
-9
Let a(c) = -16*c - 1. Give a(-3).
47
Let n(q) = -2*q**2 + 95*q + 71. Determine n(48).
23
Let l(h) = 6*h - 7. Determine l(6).
29
Let p(w) = -3*w - 46. Give p(-13).
-7
Let y(a) = a**3 + 2*a**2 + 5*a + 4. Calculate y(-1).
0
Let h(a) = a + 3. Determine h(-3).
0
Let i(u) = u**3 + 9*u**2 - 9*u + 11. Determine i(-10).
1
Let d(q) = -5*q - 19. Determine d(-6).
11
Let n(y) = 3*y**2 - 5*y. What is n(4)?
28
Let s(h) = -h**3 - 8*h**2 + h + 4. Give s(-8).
-4
Let h(b) = b**2 - 7*b + 6. Determine h(5).
-4
Let h(b) = -b**3 - 5*b**2 + 4*b + 1. Determine h(-3).
-29
Let f(p) = -2*p**2 - 7*p - 1. Determine f(-3).
2
Let p(t) = -t - 29. What is p(0)?
-29
Let q(p) = -p - 41. Give q(-13).
-28
Let g(z) = 2*z**3 + 6*z**2 + 7*z + 12. What is g(-4)?
-48
Let d(u) = 2*u**2 + u + 3. What is d(3)?
24
Let l(y) = -161*y - 153. Give l(-1).
8
Let c(g) = 5*g - 82. Calculate c(15).
-7
Let q(r) = -10*r + 67. Determine q(7).
-3
Let w(i) = 18*i + 186. Give w(-11).
-12
Let y(a) = -2*a + 20. Calculate y(34).
-48
Let y(x) = -33*x + 235. Give y(8).
-29
Let y(c) = c**2 - 1. What is y(6)?
35
Let x(a) = a - 7. Determine x(0).
-7
Let w(d) = d**2 + d + 16. Determine w(0).
16
Let x(h) = -25*h + 2. What is x(1)?
-23
Let y(h) = -5*h**2 + h. What is y(-1)?
-6
Let v(n) = -n**3 - 9*n**2 - 12*n - 8. Give v(-8).
24
Let w(s) = -31*s + 67. What is w(3)?
-26
Let r(o) = -3*o - 5. Calculate r(2).
-11
Let c(l) = 4*l - 85. Give c(22).
3
Let h(c) = -c**3 + 6*c**2 + 12*c + 3. Give h(8).
-29
Let w(t) = -t + 3. Determine w(5).
-2
Let i(l) = -6*l - 14. Give i(-3).
4
Let g(l) = l**3 - 6*l**2 - 11*l - 9. Give g(8).
31
Let q(u) = u**3 - 6*u**2 + 4*u - 2. What is q(4)?
-18
Let q(i) = i**3 - 9*i**2 + 13*i + 13. What is q(7)?
6
Let t(q) = -q**3 - 15*q**2 - 20*q - 19. Calculate t(-14).
65
Let z(w) = -3*w**2 + w + 2. Calculate z(3).
-22
Let y(r) = -76*r + 5. Give y(-1).
81
Let z(n) = 6*n - 54. Calculate z(6).
-18
Let j(w) = w**2 + 9*w + 6. Give j(-7).
-8
Let s(v) = v**3 + 6*v**2 - 19*v - 11. What is s(-8)?
13
Let c(d) = -d**3 - 7*d**2 + 11*d - 67. Give c(-9).
-4
Let k(q) = q**3 - 9*q**2 + 26*q - 17. Give k(4).
7
Let d(s) = -s**3 - 7*s**2 + 14*s - 30. Calculate d(-9).
6
Let a(c) = 2*c**3 - 6*c**2 - 10*c + 10. Calculate a(4).
2
Let f(g) = -14*g**2 - 336*g - 4. Give f(-24).
-4
Let p(b) = 16*b + 118. Determine p(-7).
6
Let k(w) = -w**3 - 8*w**2 - 3*w + 6. Calculate k(-5).
-54
Let q(d) = d**3 - 3*d**2 - 1. Calculate q(3).
-1
Let j(k) = k**3 + 4*k**2 + 2*k. Determine j(-2).
4
Let x(l) = l**3 + 5*l**2 - 11*l - 41. Determine x(-5).
14
Let t(j) = j**3 - 7*j**2 + 7*j + 2. Determine t(6).
8
Let a(y) = y**3 - 16*y**2 - 13*y + 1. What is a(17)?
69
Let r(s) = s**3 + 3*s**2 - s - 10. What is r(-2)?
-4
Let v(n) = -n**3 + 5*n**2 + 8*n - 13. Give v(6).
-1
Let q(x) = 2*x**2 - 34*x - 30. Calculate q(18).
6
Let v(c) = -23*c**2 - c. What is v(-1)?
-22
Let k(q) = -9*q + 103. Calculate k(13).
-14
Let d(y) = -42*y - 6. Calculate d(4).
-174
Let k(u) = -3*u - 18. Give k(-7).
3
Let r(y) = 3*y**2 - 21*y + 44. Give r(4).
8
Let m(d) = -d**3 + 7*d**2 + 11*d - 8. What is m(6)?
94
Let c(p) = -p**3 - 2*p**2 + 12*p + 2. Give c(-5).
17
Let k(y) = 2*y**2 + 34*y + 35. Calculate k(-16).
3
Let z(k) = -14*k - 73. Determine z(-5).
-3
Let j(k) = k**3 + 2*k**2 - k + 13. Give j(0).
13
Let n(s) = s**2 - 6*s + 5. Give n(5).
0
Let s(m) = -m**2 + 4*m - 8. Calculate s(4).
-8
Let c(l) = l**3 - 12*l**2 + 11*l - 14. What is c(11)?
-14
Let l(n) = -8*n + 91. Give l(8).
27
Let d(g) = -5*g**2 + 28*g + 15. Determine d(6).
3
Let r(v) = v**3 + 13*v**2 + 13*v + 17. What is r(-12)?
5
Let v(p) = -p**2 + 12*p + 29. What is v(14)?
1
Let g(p) = p**3 - 8*p**2 + 15*p - 10. What is g(5)?
-10
Let t(v) = v**3 + 11*v**2 + 8*v - 11. Determine t(-10).
9
Let b(n) = n**2 - 39*n - 169. Determine b(43).
3
Let a(f) = 49*f - 47. Give a(1).
2
Let f(j) = 56*j**2 + 2*j - 1. Determine f(1).
57
Let s(b) = -3*b**2 - 95*b + 194. What is s(2)?
-8
Let r(u) = 7*u**2 + 6. What is r(3)?
69
Let d(v) = -v**2 - 15*v + 6. Give d(-15).
6
Let a(r) = -52*r**3 + 2*r**2 - r. Calculate a(1).
-51
Let h(b) = -b**3 - 8*b**2 - 12*b - 6. What is h(-6)?
-6
Let r(t) = -t**3 + 16*t**2 - 14*t. What is r(15)?
15
Let b(j) = -27*j**2 + 2*j - 3. What is b(1)?
-28
Let f(s) = 143*s**3 - 2*s**2. Calculate f(1).
141
Let j(b) = -22*b + 849. Determine j(38).
13
Let g(r) = 28*r**3 - r. Gi